 - -5. Let v be (4/(-4))/(j/30). List the prime factors of ((-12)/v)/((-2)/(-120)).
2, 3
Let f(y) = 18*y. Let c be f(7). Suppose -10*g - c = -13*g. List the prime factors of g.
2, 3, 7
What are the prime factors of 4/(-22) - (-29296)/88*9?
2, 7, 107
Let f(l) = -4*l - 3. Let t be f(-2). Suppose s = 2, -2*s - 80 = -t*k - 7*s. What are the prime factors of k?
2, 7
Let k(j) be the third derivative of j**5/30 - 5*j**4/24 - j**3/2 - 7*j**2. Let n be k(4). List the prime factors of 475/n + 2/9.
53
Suppose 4*m - 4*f = m + 61, 22 = 2*m + 2*f. Suppose 4*y = l - 3*l, -5*l + 5*y = -m. What are the prime factors of l*-13*(-15)/30?
13
Let y(g) = 1 + 14*g + 8*g**2 - g**2 - 5*g**2 + 0*g**2. Suppose x - 80 = 9*x. List the prime factors of y(x).
61
Let i be -137*(-1 - -2)*-2. Suppose -473 = -3*s + i. List the prime factors of s.
3, 83
Suppose 0 = -8*f + 6*f + 308. Suppose 3*y = -4*i + 68 + f, 370 = 5*y - 4*i. What are the prime factors of y?
2, 37
What are the prime factors of 3 + -6 + (-1 - -3) + 290?
17
What are the prime factors of 5/2*(-2)/(-4)*1036?
5, 7, 37
Let l(o) = -86*o - 888. List the prime factors of l(-47).
2, 19, 83
List the prime factors of -237*15/(-9) - (1 - 1).
5, 79
Suppose -5*n - 87 = -2*l - 0, 2*n + 150 = 4*l. List the prime factors of l.
2, 3
Let n(z) = 2*z**3 + 3*z**2 + z + 5. Let l be n(4). Suppose 0 = -2*q + 61 + l. List the prime factors of q.
3, 41
Let i(q) = 11*q**3 - 3*q**2 + 5. Let m(t) = 32*t**3 - 8*t**2 + t + 14. Let j(h) = 8*i(h) - 3*m(h). Let l be j(-2). Let n = l + -25. List the prime factors of n.
43
Let c be ((-15)/6 + 3)*-4. What are the prime factors of 44 - 3 - (c + 0)?
43
Suppose -18430 = -36*g + 83342. What are the prime factors of g?
11, 257
Suppose 3*w = -4*x + 8, -2*x + 0 = 4*w + 6. List the prime factors of 224/(-24)*18/w.
2, 3, 7
Suppose 2*r = c + 11, 20 = -c + 3*r + 2*r. Let b(s) = 0 + 2*s - 11*s - 6. List the prime factors of b(c).
3, 13
Let i = 152 + -147. Suppose 3*c - 23 = -2*x - 2, 0 = 5*x + 2*c - 25. Suppose 0 = i*z - 4*q + 2*q - 301, -x*z = -4*q - 175. What are the prime factors of z?
61
Let c(u) = 8*u**2 + 3*u + 3. Let f(j) = -j**3 + 3*j**2 - 2*j + 1. Let l be f(3). Let n be c(l). Suppose -n = -4*p - 40. What are the prime factors of p?
37
Suppose 5*c = 4*j + 5, 2*c - 2*j = 3*j - 15. Suppose -c*q + 54 = 2*d + d, -2*d - 3*q + 36 = 0. What are the prime factors of d?
2, 3
Let b be 1*(-11)/(-2)*8. Suppose -3*q = 2*o + 6, b - 13 = 5*o - 4*q. Suppose 2*c = -o*f + 164, 2*f - 41 = -c + 68. What are the prime factors of f?
2, 3
Suppose -6*w = -2189 + 173. Suppose -5*o + o + w = c, 3*c + 84 = o. List the prime factors of o.
2, 3, 7
What are the prime factors of (-2 - (-189372)/78) + (-16)/(-104)?
2, 1213
Let d(u) = 4*u + 10. Let b be d(-3). List the prime factors of 6/b - (-189 - 7).
193
Suppose m = -4*a + 8445, -m - 4205 = -2*a + 2*m. What are the prime factors of a?
2, 5, 211
Let z(t) = 5 - 21*t - 44 + 2*t**2 - 26*t + 64*t. List the prime factors of z(8).
3, 5
Let g = -150 + 171. What are the prime factors of g?
3, 7
Let q(d) = 4*d**2 - 8*d - 69. What are the prime factors of q(-19)?
3, 509
Let b(f) = 2*f + 2*f**2 - 9*f**2 + 21 + 8*f**2. Let h(d) = d + 4. Let p be h(-4). List the prime factors of b(p).
3, 7
Suppose 4*k + 20 = 0, 5*u = 2*k - 0*k - 30. Let s = u - -131. List the prime factors of s.
3, 41
Let l(c) = 25*c - 27. Suppose -3*s - 3 = -24. List the prime factors of l(s).
2, 37
Let j(p) = -9*p + 9. Let q be j(-3). Suppose -22 = -2*t + q. What are the prime factors of t?
29
Let a be (-260)/(-70) - 2/(-7). Suppose 61 = 4*b + r, 0*b + a*r - 68 = -5*b. What are the prime factors of 176/4*20/b?
5, 11
Let v = -1158 + 1162. Let p be (-61)/(-1*2/6). Suppose 57 = v*y - p. List the prime factors of y.
2, 3, 5
List the prime factors of 111910/30 - (-12)/18.
7, 13, 41
Let l(s) = -s**2 + 14*s + 23. Let o be l(17). List the prime factors of 36 - ((-10)/(-14) + (-8)/o).
5, 7
Let s = 4114 + -2531. What are the prime factors of s?
1583
Let a = 47 - 22. Suppose -2*h + 5 = -a. List the prime factors of h.
3, 5
Let k(f) = -8*f**2 - 11*f + 8. Let q(o) = o**2 + o + 1. Let m(d) = -k(d) - 6*q(d). List the prime factors of m(-9).
103
Suppose 2*q = 3*b - 0*b + 151, q + 3*b = 53. Suppose 407 = 5*d - q. What are the prime factors of d?
5, 19
Let u(c) = 8*c**3 + c**2 - 7*c + 7. What are the prime factors of u(3)?
211
Let j(z) = z**3 + 15*z**2 + 6*z + 28. List the prime factors of j(-12).
2, 97
Let h = -56 + 38. Let m = h - -20. Suppose m*p = -5*y + 27, -2*p = -p + 5*y - 16. What are the prime factors of p?
11
Suppose 0 = 4*t - 2*i - 5 + 47, 2*i - 2 = 0. Let l be ((-6)/(-5))/((-4)/t). List the prime factors of 17/(l/(-24)*-4).
2, 17
Let v(n) = n**3 + 19*n**2 - 20*n + 64. What are the prime factors of v(-20)?
2
Let v(b) = -13*b**2 - 4*b + 9. Let g be v(5). Let o = -222 - g. Let x = 170 - o. List the prime factors of x.
2, 7
Let l(k) = 6 - 3*k + 4*k**2 - 4*k + 6*k - k**3. Let c be l(5). List the prime factors of ((-8)/(-6))/((-8)/c).
2
Let a be (7 + 2)*(-1)/(-3). Suppose -a*k + 20 = 5. Suppose -k*l + 0*l = -135. List the prime factors of l.
3
Let f(h) = h**3 - 8*h**2 - 30. What are the prime factors of f(12)?
2, 3, 7, 13
Let d be 2 + (83 + 3)*1. Suppose -10*y = -14*y + d. List the prime factors of y.
2, 11
Suppose 2*q = -0*q + 6. Suppose -q*c = 2*c - 155. Suppose 0 = -2*b - 5*m + 76 + c, 4*b - 5*m - 289 = 0. What are the prime factors of b?
2, 3, 11
Suppose 0*l + 4*s - 242 = -2*l, -3*l - s + 338 = 0. Let u = -67 + l. Suppose -z + x - 14 = -u, 3*z - 5*x - 98 = 0. What are the prime factors of z?
2, 13
Let a(t) = 103 - 3*t + 0*t + 3*t - t - 2*t**2. What are the prime factors of a(0)?
103
Suppose -3*n + 48 = -p, n - 21 = -5*p - 5. Suppose -149 = -3*j + n. List the prime factors of j.
5, 11
Suppose 2*s - 10724 = -3*x, -7*s - 37551 = -14*s - 2*x. What are the prime factors of s?
5, 29, 37
Let n = -495 + 1246. What are the prime factors of n?
751
Let n = 319 - 136. What are the prime factors of n?
3, 61
Let o(s) = s**3 + 20*s**2 + 17*s - 68. List the prime factors of o(-16).
2, 3, 19
Let d(v) be the second derivative of v**5/20 + 7*v**4/3 + 8*v**3/3 - 12*v**2 + 30*v. List the prime factors of d(-27).
3, 7, 13
Suppose 4*o = 3*o + 3. Suppose -189 = o*k - 6*k. Let q = k - 36. List the prime factors of q.
3
Suppose 0 = s - 2*s + 4, 5*s = 2*r + 20. List the prime factors of 2/5*5 - (-120 - r).
2, 61
Let d(b) be the third derivative of 3*b**5/20 - 5*b**4/24 - b**3/2 - 11*b**2. What are the prime factors of d(3)?
3, 7
Let d(l) = -133*l - 96. What are the prime factors of d(-9)?
3, 367
Suppose 4*w - 7568 = 2*g, -3*w + 9*g + 5690 = 11*g. List the prime factors of w.
2, 947
Let l be -1*(-5 + 2 - -3). Suppose l = -q - q + 84. What are the prime factors of q?
2, 3, 7
Let d = 35 - 39. List the prime factors of d/1 + (24 - 1).
19
Suppose r = -4*l + 10, -2*l = 4*r - 7*l + 2. Suppose r*y - 17 = 7. Let c = y - -8. What are the prime factors of c?
2, 5
Suppose k - 2418 = -5*k. What are the prime factors of k?
13, 31
Let w(j) = 55*j + 81. List the prime factors of w(25).
2, 7, 13
Let c be 0*(2/1 + (-35)/14). Suppose 0 = -c*k + k - 100. What are the prime factors of k?
2, 5
Suppose -5*p - 774 = 4*r - 7*r, 0 = -4*r + 5*p + 1037. Suppose 5*f - 783 + r = 0. What are the prime factors of f?
2, 13
Let s = -377 + 905. Suppose 4*o - s = 288. What are the prime factors of o?
2, 3, 17
Let k = -7 - -9. Suppose -4*o - k*h = 424, h = 2*o + 111 + 109. What are the prime factors of 2/4 - o/8?
2, 7
Let w = -19 + 21. Suppose 0 = 3*g + 6, w*g - 124 - 720 = -4*t. List the prime factors of t.
2, 53
Let z be (4/3)/(22/99). Suppose -3*q + 12 = -3*g, -2 = 3*g - 2*q + z. Suppose -5*b = 2*d - 28, g = -d + b + b + 23. What are the prime factors of d?
19
Let m = -12 - -16. Suppose m*l - 4*h - 40 = 104, 2*h = -5*l + 187. What are the prime factors of l?
37
Let v = -359 + 612. List the prime factors of v.
11, 23
List the prime factors of 483 - (0 + 1 - (6 - 2)).
2, 3
Suppose -x - v + 17 = 2*x, 5*v + 48 = 4*x. What are the prime factors of (x + 52)*(1 + 0)?
59
Let r(g) = -g**3 - 13*g**2 + 1. Let q be r(-13). List the prime factors of (41 - -15) + (-1)/(-2 + q).
3, 19
Let j = 29 + -23. Let k be (-240)/(-7) + j/(-21). List the prime factors of (-4)/k + (-2456)/(-68).
2, 3
Let s(j) = j**3 